mainder when 332487 is divided by 467?
450
What is the remainder when 942294 is divided by 21903?
465
What is the remainder when 2507335 is divided by 192870?
25
What is the remainder when 1783408 is divided by 3059?
11
What is the remainder when 14768350 is divided by 1607?
20
What is the remainder when 120605659 is divided by 92845?
4
Calculate the remainder when 5175760 is divided by 3957.
4
Calculate the remainder when 316213 is divided by 7696.
677
Calculate the remainder when 196269 is divided by 16091.
3177
What is the remainder when 1887704 is divided by 471402?
2096
Calculate the remainder when 2351991 is divided by 587821.
707
What is the remainder when 7629407 is divided by 11?
5
What is the remainder when 121260861 is divided by 1532?
1529
What is the remainder when 58482030 is divided by 156?
126
Calculate the remainder when 10116445 is divided by 1686068.
37
What is the remainder when 608018158 is divided by 786?
784
What is the remainder when 107690 is divided by 2449?
2383
Calculate the remainder when 37903455 is divided by 1321.
2
What is the remainder when 4489033 is divided by 1122256?
9
What is the remainder when 996179 is divided by 48?
35
Calculate the remainder when 484206331 is divided by 1237.
1236
What is the remainder when 200600 is divided by 195768?
4832
Calculate the remainder when 636024 is divided by 2875.
649
What is the remainder when 4091999 is divided by 825?
824
Calculate the remainder when 77265 is divided by 24926.
2487
Calculate the remainder when 9760958 is divided by 10.
8
What is the remainder when 251818 is divided by 83932?
22
Calculate the remainder when 2204 is divided by 287.
195
What is the remainder when 3741800 is divided by 34?
32
What is the remainder when 3724978 is divided by 620829?
4
Calculate the remainder when 56524951 is divided by 3547.
3506
What is the remainder when 46127865 is divided by 23063858?
149
What is the remainder when 15941 is divided by 15791?
150
What is the remainder when 4833298 is divided by 1239?
1198
Calculate the remainder when 388668 is divided by 10202.
992
Calculate the remainder when 21487 is divided by 748.
543
Calculate the remainder when 4530261 is divided by 2860.
21
What is the remainder when 41449290 is divided by 43?
42
What is the remainder when 3058052 is divided by 7742?
7704
What is the remainder when 95964 is divided by 15952?
252
Calculate the remainder when 29669 is divided by 407.
365
What is the remainder when 97578 is divided by 1387?
488
Calculate the remainder when 209213 is divided by 2244.
521
Calculate the remainder when 5149074 is divided by 49991.
1
Calculate the remainder when 1389859 is divided by 1031.
71
Calculate the remainder when 152253351 is divided by 357.
348
What is the remainder when 36496951 is divided by 8291?
8260
Calculate the remainder when 4421425 is divided by 144.
49
What is the remainder when 18402 is divided by 9100?
202
What is the remainder when 31196961 is divided by 2898?
2889
Calculate the remainder when 1148941 is divided by 1148903.
38
What is the remainder when 47327 is divided by 4289?
148
Calculate the remainder when 240674 is divided by 1223.
966
Calculate the remainder when 1577793 is divided by 18342.
381
Calculate the remainder when 106916 is divided by 26442.
1148
Calculate the remainder when 101975 is divided by 10122.
755
Calculate the remainder when 1725619 is divided by 82142.
637
What is the remainder when 68917 is divided by 16382?
3389
What is the remainder when 37491 is divided by 24170?
13321
What is the remainder when 513366 is divided by 1657?
1353
What is the remainder when 2099866 is divided by 6402?
10
What is the remainder when 70247 is divided by 199?
0
What is the remainder when 1459485 is divided by 2085?
2070
What is the remainder when 18428 is divided by 5950?
578
What is the remainder when 3278025 is divided by 135?
90
What is the remainder when 13400093 is divided by 143?
135
Calculate the remainder when 7540913 is divided by 1885228.
1
Calculate the remainder when 1406581 is divided by 875.
456
Calculate the remainder when 1467395 is divided by 733671.
53
Calculate the remainder when 765066 is divided by 109255.
281
What is the remainder when 560592 is divided by 1236?
684
What is the remainder when 972065 is divided by 3753?
38
Calculate the remainder when 33716983 is divided by 278.
31
What is the remainder when 270919 is divided by 30?
19
What is the remainder when 845326 is divided by 40247?
139
Calculate the remainder when 1304346 is divided by 698.
482
What is the remainder when 1348816 is divided by 448252?
4060
What is the remainder when 635851 is divided by 3044?
2699
What is the remainder when 401878 is divided by 201?
79
What is the remainder when 688768539 is divided by 62?
61
Calculate the remainder when 14121158 is divided by 1007.
1004
Calculate the remainder when 1147153 is divided by 10053.
1111
What is the remainder when 445548 is divided by 120?
108
Calculate the remainder when 9181811 is divided by 304.
99
Calculate the remainder when 194013 is divided by 101.
93
Calculate the remainder when 22516355 is divided by 875.
855
Calculate the remainder when 544655 is divided by 136150.
55
Calculate the remainder when 51240 is divided by 816.
648
Calculate the remainder when 144063 is divided by 15104.
8127
Calculate the remainder when 5384757 is divided by 3109.
3078
Calculate the remainder when 64856096 is divided by 161.
144
Calculate the remainder when 55774978 is divided by 20.
18
What is the remainder when 561765 is divided by 305?
260
Calculate the remainder when 195683441 is divided by 1009.
1008
Calculate the remainder when 6355171 is divided by 4338.
1
What is the remainder when 150925 is divided by 21423?
964
What is the remainder when 742399055 is divided by 126?
125
What is the remainder when 194814 is divided by 324?
90
Calculate the remainder when 627341 is divided by 17922.
71
What is the remainder when 35021887 is divided by 729?
727
What is the remainder when 1819705 is divided by 53500?
705
Calculate the remainder when 908737 is divided by 50485.
7
Calculate the remainder when 30369 is divided by 2986.
509
What is the remainder when 1011766 is divided by 3264?
3190
What is the remainder when 31071 is divided by 2784?
447
Calculate the remainder when 316491 is divided by 2057.
1770
What is the remainder when 117181 is divided by 1769?
427
Calculate the remainder when 23985302 is divided by 31.
13
Calculate the remainder when 36174761 is divided by 27.
26
Calculate the remainder when 33945 is divided by 1996.
13
What is the remainder when 2413464 is divided by 269?
265
Calculate the remainder when 9612337 is divided by 640820.
37
Calculate the remainder when 50269 is divided by 847.
296
What is the remainder when 230893 is divided by 19237?
49
Calculate the remainder when 84354 is divided by 28047.
213
Calculate the remainder when 537194 is divided by 354.
176
Calculate the remainder when 59871 is divided by 7467.
135
What is the remainder when 7911274 is divided by 6324?
6274
What is the remainder when 103241153 is divided by 8091?
8084
Calculate the remainder when 53252 is divided by 17510.
722
Calculate the remainder when 44566594 is divided by 44566583.
11
Calculate the remainder when 2863773 is divided by 73428.
81
What is the remainder when 58089097 is divided by 29044547?
3
Calculate the remainder when 616346 is divided by 191.
180
What is the remainder when 2302961 is divided by 397?
361
What is the remainder when 568294 is divided by 1834?
1588
What is the remainder when 1870476 is divided by 463?
419
What is the remainder when 1022441 is divided by 339741?
3218
What is the remainder when 6420659 is divided by 4100?
59
What is the remainder when 918458 is divided by 810?
728
Calculate the remainder when 2258031 is divided by 250812.
723
Calculate the remainder when 1512367 is divided by 1512263.
104
Calculate the remainder when 184818421 is divided by 68.
65
What is the remainder when 1722247 is divided by 237?
205
Calculate the remainder when 15017023 is divided by 172.
47
Calculate the remainder when 16628819 is divided by 2784.
2771
What is the remainder when 34634071 is divided by 3002?
2999
Calculate the remainder when 790096 is